- 3) + 1)
4
What is the value of 6 - (-3 + -3 + 8)?
4
What is the value of (2 - 1) + -7 + 6?
0
-9 + (-2 - -3 - -10)
2
Calculate -2 + (-4 - -5) - -1.
0
-3 + -1 + 9 - -1
6
What is the value of 4 + (4 - 4 - 5) + 2?
1
What is -9 - (2 + -6 - (-2 - -2))?
-5
What is 0 + 6 + -15 + (-9 - -17)?
-1
Calculate 6 - (0 - 1 - -5).
2
What is -2 - 1 - (-16 + 7 + 7)?
-1
Evaluate -2 + -1 + -3 + 1 - -13.
8
Evaluate -22 - -24 - (-1 + -1).
4
1 - (4 + -7) - 9
-5
Calculate (6 - -3) + -9 + 7.
7
Evaluate (-2 - 0) + -5 + (1 - -6).
0
Evaluate 1 + 7 + (-4 - 3).
1
What is the value of 7 - (1 + 12 - 7)?
1
What is the value of (-3 - -1) + (-3 - -5)?
0
What is the value of -6 + 3 - (0 - (7 - 5))?
-1
What is the value of 5 - (-9 - (-7 - 4))?
3
Calculate 7 - 10 - (2 - 4).
-1
What is -8 + -6 + -5 + 11?
-8
1 + 6 + (-7 - -3)
3
Calculate 0 + (2 - -5 - 2).
5
What is (19 + -10 - 4) + (-4 - 2)?
-1
Calculate -2 + 1 + (3 - 3) + 3.
2
-12 + (1 - 3) + 9
-5
10 + 4 + (-13 - -3)
4
6 + -2 + -4 + -2 + -6
-8
Evaluate -7 - (1 - 4) - -3.
-1
What is the value of (1 - 1) + 20 + -10 + -6?
4
What is the value of (5 - 2) + -15 + 10?
-2
Evaluate -2 + -5 + (-9 - (-6 - 6)).
-4
What is -2 + (-6 - -16) + -3 + 0?
5
What is the value of (12 - 12) + (2 - (-1 - -2))?
1
What is the value of -3 - -13 - (0 - -8)?
2
Calculate -1 - (3 + (-2 - 0)).
-2
-12 + 2 + 11 + 2
3
What is the value of (-2 - 2) + 0 + (-2 - -5)?
-1
-4 - -3 - -8 - (-4 - -3)
8
Calculate 2 - (1 + 2 + -1 + -2).
2
Evaluate 11 + (0 - 3) - 9.
-1
6 + (0 - 2) - (110 - 103)
-3
What is the value of -3 + 0 + (10 - 6)?
1
-6 + -1 + -1 + 0
-8
Calculate (3 - 3 - -1) + 2.
3
What is the value of (2 - 7 - -6) + -4 + 6?
3
What is the value of -8 - (-1 - -5) - (0 + -7)?
-5
Evaluate (-18 - (-43 - -18)) + (0 - 0).
7
What is -3 - (3 + -1 + -1) - 2?
-6
What is the value of 1 - (-4 + 2 + 3)?
0
What is the value of -5 + 7 - (3 - 2)?
1
Calculate -4 + 7 + 1 - (6 + -1).
-1
Evaluate -6 + (0 - 2) + (1 - -3).
-4
What is -4 - (0 + -4 + 4 - 0)?
-4
53 - 55 - (1 - 1)
-2
What is the value of (6 - 7) + -4 + 2?
-3
What is 26 - (-7 + 14) - 3 - 7?
9
Evaluate 2 - -2 - 3 - -2.
3
Evaluate 0 + 1 + -3 + (5 - -2).
5
What is -3 - (-4 + 3 + 1)?
-3
What is (7 + -4 - 9) + 6?
0
What is 0 + 3 + -2 + 2 + -3?
0
Calculate -3 + 2 + (-8 + 6 - -1).
-2
-12 + 5 + 12 + (1 - 5)
1
What is the value of 1 - (5 + -3) - 4?
-5
What is 2 - 1 - (-10 - -13) - 3?
-5
Evaluate -10 + (0 - 4 - -12) + -7.
-9
Calculate (10 - 1) + (12 + -8 - 7).
6
Evaluate 0 + 2 - (-24 + 20).
6
-11 - -13 - (5 - -1)
-4
What is the value of 1 - 0 - (13 + 10 + -23)?
1
(4 - (17 + 1 + -5)) + 2
-7
1 + (-2 - 2 - -7) - 5
-1
Evaluate -2 + (2 - -4) + -4.
0
Evaluate (-3 - -7) + (2 - (-3 + 1)).
8
What is -3 + -6 - (0 - -8 - 7)?
-10
What is 5 - (-5 + 3 + 3) - 0?
4
Evaluate (-4 - (4 - 6)) + -2.
-4
Evaluate (-1 - 6) + (34 - 24) + -10.
-7
What is 5 + -9 + (1 - -2)?
-1
What is -20 + 2 - (-55 - -46)?
-9
Evaluate (6 - (10 - 6) - -4) + -4.
2
Calculate 2 + (-5 - -2) - 2.
-3
Evaluate 12 + -13 + -2 + -3 - -3.
-3
-2 - ((-13 - -7) + 9)
-5
What is the value of -1 + -3 + -26 + 21?
-9
Calculate (-3 - (0 - 1)) + 7 + -7.
-2
Calculate 2 + (-3 - -3) + -3 - -1.
0
Evaluate 5 + -13 + 1 + 2.
-5
What is the value of -11 + 19 - 3 - (-1 - 0)?
6
Evaluate 7 + (-11 + 4 + 6 - 3).
3
Evaluate 8 - (13 - (6 + -1)).
0
Evaluate 10 + -5 - (-4 - -6).
3
Evaluate 3 + 9 + -6 - 10.
-4
-45 + 44 - (3 + -1 + -1)
-2
What is -4 + 2 + 7 + -10?
-5
8 + 5 + (-24 - -21)
10
Calculate -5 + (15 - 6) - (3 - 5).
6
Calculate -2 + 0 + -4 + (2 - 0).
-4
Calculate (-5 + -4 - -10 - -2) + 4.
7
-11 + 14 + (-16 - -12)
-1
What is (5 - (-9 - -24)) + 7?
-3
What is the value of -30 + 25 - (-9 - (1 - 1))?
4
Evaluate 10 - (-3 + 8 - 0).
5
What is the value of 11 - (8 + 1 + -6)?
8
(8 - (-3 + 11)) + -5
-5
What is 6 - 6 - 1 - (4 - 1)?
-4
(-8 + 4 - 0) + 2
-2
What is the value of -53 + 51 + 2 + (1 - 0)?
1
What is the value of 4 - ((-1 - 0) + -1)?
6
Calculate 22 - 14 - (2 - 3 - -1).
8
What is 1 + -2 + 1 + -1?
-1
What is -8 + 6 - 2 - 2 - 1?
-7
Evaluate -3 - (-2 + 5) - (-3 + 2).
-5
Calculate -13 + (2 - 3) - (-11 - -5).
-8
-16 + 14 + -5 - -8
1
What is the value of 0 - ((3 - 1) + -1)?
-1
Calculate 4 - (4 - (-4 + 4 + -2)).
-2
What is (3 - 12) + (7 - 3 - -3)?
-2
Evaluate (-5 - (1 + 1 - 7)) + -4.
-4
Calculate 7 - -3 - (-4 + 0 + 9).
5
Calculate -12 + 11 + (2 - 0).
1
Calculate -5 + 3 + -2 - -4.
0
What is the value of 26 - 19 - (-2 - -2)?
7
Calculate 12 - (-5 + (3 - (-3 + -4))).
7
Evaluate 5 + (-5 - (4 - 1)).
-3
What is -6 + -8 + 9 - -14?
9
6 + 5 + -8 + -7
-4
What is 21 + -11 - (-1 + 5)?
6
What is 2 + -13 + 22 + -1?
10
What is (-4 - (12 + -13)) + -2?
-5
(-4 - -4) + 3 + -6
-3
What is the value of (-1 - (4 - 0)) + (2 - 1)?
-4
Evaluate (11 - 3) + -20 + 20.
8
(2 - 1) + (-1 - (1 - -2))
-3
Evaluate -3 + 5 + 3 + 9 + -4.
10
Calculate -7 + 4 + -2 + 3.
-2
What is -5 + 5 + -4 + -1 - -3?
-2
What is -37 + 38 + (-4 - -2)?
-1
What is the value of 4 + -8 + (1 + -2 - 1)?
-6
What is -5 - (-1 + -6 + 4)?
-2
What is the value of (-5 - -4) + 4 + (1 - 3)?
1
What is the value of -4 + (-4 - -12) + -1?
3
Calculate (-2 - 4 - 0) + -18 + 20.
-4
4 + 4 + -14 + 3
-3
Evaluate 0 + 0 + 3 + (-3 - 0).
0
1 + 3 + -1 - (-90 + 91)
2
Evaluate 2 + -2 + -9 + 14.
5
Evaluate -3 + 1 + (3 - 2) + 3.
2
Calculate 8 + -4 + -2 + 1 + 1.
4
What is the value of 44 - 43 - (4 + -2)?
-1
Evaluate -5 + -3 - -4 - (-8 + -1).
5
6 + -6 - (-6 - -13)
-7
Calculate 6 - (8 - 4) - 4.
-2
Evaluate (0 - 1) + 1 + (5 - 7).
-2
What is the value of -6 - -1 - -11 - 3?
3
-3 + 8 + -6 + 0
-1
What is (1 - 5) + (100 - 104)?
-8
What is 14 - (-2 - -5 - -3)?
8
What is the value of -3 + 5 + -4 + 1 + 2?
1
Calculate 13 + -15 - (2 + -3 + -4).
3
What is the value of 58 - 67 - (-2 + -15)?
8
0 + -2 + 2 + 5
5
Calculate (1 - 2) + (-8 - -5) + 1.
-3
What is the value of (-39 - -29) + (2 + 4 - 0)?
-4
1 - (3 - (7 - (6 - -8)))
-9
What is (2 - -1 - -2) + -4?
1
Calculate (-2 - -2) + 2 + -3.
-1
Calculate 0 + -5 + 24 + -20.
-1
Calculate (5 + -2 - 2) + 4.
5
What is the value of -3 + 1 + -6 + -5 + 16?
3
What is the value of 4 - (10 - (2 - (2 + -4)))?
-2
(14 - 3) + (17 - 23)
5
What is 5 + -5 + -4 - -3 - -4?
3
1 + 2 + 5 + -3
5
Evaluate -4 + -5 + 8 + -3.
-4
What is the value of -1 - (0 + -7 + 2 + 0)?
4
What is -4 + 1 - (-4 - 4)?
5
-12 + 6 + 1 + (6 - 2)
-1
Calculate -2 - (-3 + -4 + 2).
3
Calculate 5 - (2 + 3 + -5).
5
What is 4 + 4 + -2 + -9?
-3
What is (-5 - (-4 - -1)) + 4?
2
-5 + -6 - -3 - -4
-4
Evaluate 10 + -14 + (6 - (2 + 0)).
0
Calculate (-2 - (-3 + 0)) + 4 + 5.
10
-1 - (6 - (2 + 3)) - -2
0
Evaluate (-4 + 8 - -1) + -1.
4
1 + -1 - ((-18 - -5) + 6)
7
Calculate (-5 - -10) + -5 - (0 - -2).
-2
What is 4 - (-4 + -1 + 6)?
3
What is the value of 3 - (-1 + -3 + 2)?
5
What is the value of 11 - -4 - (14 - 9)?
10
What is the value of -1 + (0 - -1) + 3?
3
What is the value of -9 + -7 + 13 + -7?
-10
What is 4 + (3 - -2) + -6?
3
Evaluate 7 + (19 - 9 - 12).
5
What is the value of -8 + 4 - ((-2 - -1) + -2)?
-1
What is the value of -1 + 0 + (-3 - -3)?
-1
Calculate 3 + (-4 + -6 - -2).
-5
What is the value of 12 - (2 - -3) - (-1 - 0)?
8
Calculate (2 + -3 - -12) + -3 + -3.
5
-4 + (4 - 8 - -3)
-5
(-1 - 0) + (4 - 6)
-3
What is 4 - (-6 - -10) - -5?
5
What is (-1 - -5) + -11 + 4?
-3
Evaluate (6 - -3) + -1 + -10.
-2
What is 5 - (0 - -2 - -4)?
-1
Evaluate -7 + 1 + 5 + 1.
0
Calculate -49 + 53 + (-8 - 3).
-7
Calculate (-1 - (5 + -3)) + 0 + 8.
5
Evaluate -1 - (-3 - 0 - (3 + -4)).
1
What is the value of -5 + (9 - (6 - 0))?
-2
-3 + (4 - 2 - -3)
2
Calculate -4 - 0 - (-6 + 7).
-5
Evaluate 10 + (-7 - -7) + -1.
9
What is the value of (-8 - -16) + -6 + 2 + 3?
7
(4 - -2 - 7) + 2
1
-9 + -1 + -8 - -10
-8
What is the value of 11 + (4 - (4 + -3 + 8))?
6
Evaluate 8 - ((-3 - -9) + -3) - 0.
5
What is -3 + -3 + 7 + 2?
3
-7 + (3 - (1 - (1 - -1)))
-3
What is the value of -5 + (9 - (6 + -3)) + 0?
1
Calculate 1 - (0 + -1 - (-2 - -3)).
3
What is the value of -3 - 4 - (1 + -2) - -3?
-3
What is (0 - (-3 - 1)) + -12 + 3?
-5
Calculate 2 + 0 + -3 + -6 - -2.
-5
What is the value of 9 + -4 + (-11 - -2)?
-4
7 + 1 + -5 + 0
3
0 + 3 + -4 - 3
-4
What is 4 + -2 + 4 + -10?
-4
Evaluate 2 + -3 - (3 - 6).
2
-11 + 25 + -3 - 8
3
Evaluate -6 + 5 + 5 + 5 + -3.
6
Evaluate 0 - (-2 + (-6 - (-1 + -4))).
3
Evaluate (6 + -1 - 3) + -1.
1
Calculate (-1 - (-10 + 6)) + (12 - 6).
9
Evaluate -1 + -2 - -1 - (-4 + 7).
-5
0 + -